(-4).
6
Let v(t) = t**3 + 6*t**2 + 6*t - 3. Let h(l) = l**3 - 2*l**2 - l - 4. Let o(y) = -3*y. Let k be o(-1). Let w be h(k). Suppose s - 5 = w*s. Give v(s).
-8
Let w(x) = 6*x + 4 - 5*x + 2*x - x. Determine w(-8).
-12
Let s(g) = -g - 6. Let m(v) = 3*v + 12. Let r(c) = -2*m(c) - 5*s(c). Let o(x) = -x**2 - 6*x - 4. Let u = 7 + -11. Let d be o(u). Calculate r(d).
2
Let d(m) = -m - 3. Let z be d(-5). Suppose -z*u = 4*t + 16 + 10, 4*t = -3*u - 29. Let x(g) be the third derivative of g**4/24 - g**3/2 - g**2. Determine x(t).
-8
Let l(q) = -2*q + 3. Suppose -48 = -2*r - 6*u + 2*u, r + 4 = 5*u. Let y be r/(-10)*(-10)/4. Determine l(y).
-5
Let v(k) = k**3 + 10*k**2 + 2*k - 2. Let z(p) = 1 + 3*p**3 - p**3 - 9*p**2 - p - 3*p**3 - p. Let a(r) = 5*v(r) + 6*z(r). Calculate a(-3).
-7
Suppose -m + 4*h = m, -3*h - 2 = -m. Let j(c) = c**3 - c**2 + 1. Let a(o) = 5*o**3 - 8*o**2 + 5*o + 4. Let d(k) = -a(k) + 6*j(k). Give d(m).
-10
Let j = 4 + 1. Let c(i) be the first derivative of 5*i - 1 - 1/2*i**2. What is c(j)?
0
Let q(g) = g**3 - 5*g**2 + 4*g - 3. Suppose -3*m = 5*t - 7*m - 39, 3*t + m - 20 = 0. Let l(a) = -a**2 + 7*a + 3. Let s be l(t). Calculate q(s).
-9
Let y(v) = v**2 + 3*v - 1. Suppose 2 + 6 = -4*f. Let w be (f + 1 + 2)*-3. Let l = w + -1. Give y(l).
3
Let n(z) = -2*z + 43. Let q be n(19). Let l(k) = k**3 - 5*k**2 + 3. What is l(q)?
3
Let i(m) be the third derivative of -1/2*m**3 + 0 + 1/12*m**4 + 0*m + 3*m**2 - 1/60*m**5. What is i(2)?
-3
Let n be -10*1*(-4)/(-10). Let i(c) be the first derivative of c**3/3 + 2*c**2 + 4*c + 7. Determine i(n).
4
Let x(f) = -5*f - 24. Let m be x(-5). Let a(s) = -15*s + 1. What is a(m)?
-14
Suppose 7 - 19 = -4*g. Let v(n) = n**3 - 3*n. What is v(g)?
18
Let q be 44/(-48) + 1 + 0. Let n(o) be the third derivative of q*o**4 + 1/6*o**3 + 0 - 3*o**2 + 0*o + 1/60*o**5. Give n(-3).
4
Let s(v) = -v**2 + 6*v + 4. Let g(r) = -r**3 - r**2 - r + 6. Let x be g(0). What is s(x)?
4
Let c be (1*(-4)/(-10))/(27/135). Let z(y) = 2*y - 1. Calculate z(c).
3
Let j(b) be the first derivative of -b**2/2 + 26. What is j(3)?
-3
Let t(f) be the first derivative of -f**4/4 + 3*f**2/2 + 4*f + 31. Let r(y) = y**2 - y + 3. Let k be r(0). Calculate t(k).
-14
Let z(k) = k**2 + 2*k - 1. Let s be -2*2*(-4)/4. Let g be 3*s/6 - 2. Let a = g + -4. What is z(a)?
7
Suppose 0 = -3*s - 0*s + 3. Let z = s - -2. Let a(q) = -q**3 - 2 - 4*q**2 + 0*q**z + 4 - q. What is a(-3)?
-4
Let l(g) = 2*g**2 + 3*g + 1. Let y = -31 - -29. Calculate l(y).
3
Let l(x) = x - 16. Let b be l(11). Let c(a) = -a**3 - 4*a**2 + 4*a - 7. Determine c(b).
-2
Let j(f) be the first derivative of 2 - 3*f - 5/6*f**3 - 1/12*f**4 - f**2. Let c(p) be the first derivative of j(p). Determine c(-3).
4
Let d(r) = 10*r**3 + 18*r**2 + 5*r + 18. Let p(x) = 3*x**3 + 6*x**2 + 2*x + 6. Let w(j) = -2*d(j) + 7*p(j). What is w(-6)?
-18
Suppose 16 = 4*r - 28. Let i(u) = 4*u**3 - 9*u**2 + 5*u - 6. Let m(g) = 7*g**3 - 17*g**2 + 9*g - 11. Let s(a) = r*i(a) - 6*m(a). Calculate s(-2).
-6
Let h(c) = -c**3 + 2*c**2 + c + 1. Let w be h(2). Let p(d) = -13*d + 3. Let m(n) = 7*n - 2. Let o(f) = w*p(f) + 5*m(f). Determine o(-1).
3
Let u = -225 - -226. Let b(w) = -w - w + 7*w + 2*w**2. Let s(y) = -2*y**2 - 6*y. Let i(x) = 7*b(x) + 6*s(x). Give i(u).
1
Let s(v) = -2*v + 32. Let w be s(14). Let q(j) = -j**2 + 4*j + 2. Determine q(w).
2
Suppose -7 = -4*f + 17. Let g be ((-4)/f)/((-8)/(-36)). Let j(x) = x**2 + 2*x - 1. Calculate j(g).
2
Suppose -3*d = k - 15, -4*k = d + k - 19. Let c be (-7)/(-3) + d/(-12). Let y(n) = -4*n - n**2 - 2*n**2 - n + c*n**2 + 3. Give y(-5).
3
Let c(a) = -a**2 + 3. Let s be (-15)/(-20)*(-4)/(-1). Determine c(s).
-6
Suppose b - 25 = -5*r - 3*b, -5*b + 20 = 4*r. Let z(x) = -4*x + 5*x - 2 + 1 + x. Give z(r).
9
Suppose c - q + 5 = 4, -3*c = -5*q - 3. Let x(f) = -f**2 - 3*f + 1. Give x(c).
-3
Let d(f) = -f**3 - 7*f**2 - 5*f + 7. Let z be d(-6). Let s(i) = 12*i**3 + i. What is s(z)?
13
Suppose q - 3*d - 6 = 0, q - 2*d + 21 = 2*q. Suppose 2*l = -3*l + q. Let p(i) = -6 + l*i + i**3 + 0*i - 2*i + i**2. Determine p(0).
-6
Let n(w) = -6*w**2 - 10*w. Let m(d) = -d**2 - 2*d. Let v(t) = 11*m(t) - 2*n(t). Give v(4).
8
Suppose 0 = w + 4*w - z - 7, -3*w - 4*z + 18 = 0. Let u(g) = 7*g - 2. What is u(w)?
12
Let w(o) = o**3 + o**2 - o - 3. Let i be (-2)/(1 + 1) - -4. Suppose -i*y - 6 = -6*y. Suppose 0 = -5*d + x - y, 4*d - x - 4 + 6 = 0. Give w(d).
-3
Let p be 155/55 + (-4)/(-22). Let q(k) = -k**3 + k**2 - 3*k - k**3 + 5*k**2 + k**p - 1. What is q(5)?
9
Let i(k) = -3 + 4*k - 6 - k**2 + 3. Suppose -3*g - 1 = -9*x + 7*x, g - 13 = -2*x. Determine i(x).
-11
Suppose 3*l - 3 = -4*b, 4*l - 4 = -b + 2*b. Let m(v) = 2*v - 6 + 0*v**3 + 6*v**3 + 1 - 2*v**2. Let q(u) = u**3 - 1. Let n(t) = -m(t) + 4*q(t). What is n(l)?
-1
Let u(t) = t - 2. Let k be u(5). Suppose 2*i - k*i - 5*m + 2 = 0, -3*i + 6 = 5*m. Let z(x) = -2 + 3 - 4*x**2 - x + 2*x**2 - 2*x**i. Determine z(1).
-4
Let w(d) = -1. Let k(x) = -x**3 + x + 2. Let h(v) = -v**3 + 8*v**2 + 10*v - 13. Let m be h(9). Let u(g) = m*w(g) - k(g). Give u(-2).
-4
Suppose 2*g = 2 + 2, -5*i + 4*g = 8. Suppose 2 = -k, -v - 6 = -k + 5*k. Suppose i = 4*w - 10 - v. Let m(z) = -z**2 + 4*z - 4. What is m(w)?
-1
Let u = -13 - -16. Suppose 2*o = -3*k, -k - 18 = -3*o - 7. Let j(b) = -u*b - 1 + o*b - 2*b - b**3. Give j(-1).
2
Let v(f) = -f + 127*f**3 - f**2 - 3 - 132*f**3 + 2. Suppose 0 = -h - 4*l + 18, h + h = 5*l - 16. Suppose -u - h*u - 3 = 0. What is v(u)?
4
Suppose -c - 5*q = 19, 3*c - 7*c + 2*q + 34 = 0. Let a be (-28)/c + (-1)/3. Let d(k) = -4 - 3*k**2 - 4*k**2 - 6*k + 6*k**2. What is d(a)?
1
Let c(n) = 5*n**2 + 1 + 4 - 3*n**2 - 4*n - 1. Let m(i) = -i**2 + 7*i - 3. Let k be m(6). Determine c(k).
10
Let q(s) = -s**2 - 107 + 2*s + 2*s**2 + 107. Determine q(-5).
15
Let g(y) = -y**2 - 5*y - 2. Suppose 0 = -5*j - 6 + 21, -2*t - 2*j + 8 = 0. Let x = -6 + t. What is g(x)?
-2
Let i(n) = -n**3 - n**2 + 7. Let y be (-35)/(-4) - 4/(-16). Let b(x) = -x + 12. Let f be b(y). Suppose 2*c - f*s = -0*s, -5*c + 5*s = 0. Calculate i(c).
7
Let x(q) = -q**3 + 5*q**2 + q + 3. Let k be (-5)/(-15) + (-6)/(-27)*21. Give x(k).
8
Let j be (9/4)/1*8. Suppose 3*s + n = 2 - j, -3*n - 23 = 4*s. Let v(a) be the third derivative of -a**4/24 - 5*a**3/6 + a**2. Give v(s).
0
Let y(j) = -2*j**2 + 2. Let d(z) = z. Let c be d(5). Let b = -3 + c. Determine y(b).
-6
Let j = 1 - -1. Suppose -m + 0*m = 0. Let s(u) = -3 + j + u**2 + m - 12*u**3. Give s(1).
-12
Suppose 0 = -10*s + 2 - 32. Let r(b) = b. Determine r(s).
-3
Let i(b) = 2*b - 2. Let r = 58 - 56. Determine i(r).
2
Let o(c) be the first derivative of c**4/4 - 8*c**3/3 - 11*c**2/2 + 9*c + 30. What is o(9)?
-9
Let k(a) = 2*a - 5. Suppose 0 = -r + 5*r - 2*p - 12, -r = -5*p + 6. Give k(r).
3
Suppose d + 0*d + 4*i = 5, -3*i = -d - 2. Suppose -u = -3 + d. Let f(l) = 2*l. Determine f(u).
4
Suppose 0 = -5*f - 0*f + 15, -4*f + 2 = 5*d. Let s(z) = -z**3 - 2*z**2 - z - 2. Determine s(d).
0
Let f(s) be the first derivative of s**3/3 + s**2 + s + 2. Let v be f(-1). Suppose 4*g + v*g - 20 = 0. Let m(k) = -k - 3. What is m(g)?
-8
Let o = 661 + -664. Let s(t) = 2*t**2 - 2 + t**3 - 2*t - 1 + 7. Determine s(o).
1
Let l(z) be the first derivative of z**3/3 - z**2 + 3*z + 6. Let t be l(0). Let k(g) = -g**3 + 2*g**2 + 3. Calculate k(t).
-6
Let n = 21 - 12. Let x(r) = -3*r**2 + 6 - n + 3*r**3 + 3*r - r**3. Determine x(2).
7
Suppose -3*d - 20 = 3*l + 2*d, 0 = l + 4*d + 16. Let v be -5 + 1 + (l - -1). Let r(h) = h**2 + 5*h + 3. What is r(v)?
-3
Let l be (33/(-22))/(1/(-6)). Let r(k) = 0*k**3 - 3*k - l + 3*k**2 + k**3 + 3*k**2. Give r(-6).
9
Let c(n) = 2*n**2 + 7*n - 3. Let u(f) = 10*f**2 + 36*f - 15. Let l(y) = -11*c(y) + 2*u(y). Give l(-5).
-22
Let b(p) = 4*p**3 + 7*p**2 + 9*p. Let z(a) = 7*a**3 + 14*a**2 + 17*a. Let r(y) = -5*b(y) + 3*z(y). Determine r(-6).
0
Let v be (12/10)/((-3)/10). Let d = v + 2. Let a(c) = 1 - 2 - 3*c**3 - 3*c**2 + 2*c**3. Calculate a(d).
-5
Let k(r) = r**3 + 6*r**2 + 5*r - 1. Let f be k(-4). Let l(m) = -8*m - 17. Let w(c) = -3*c - 6. Let x(i) = f*w(i) - 4*l(i). Calculate x(-6).
8
Let k(u) = -6 - 4*u + 6*u + 7*u**2 - u**3 - u. Calculate k(7).
1
Let w(y) = 2*y + 6. Suppose 5*z + 8 = -17. Let a be z - (-1 + 0 + 2). Give w(a).
-6
Let o(q) = q + 5. Suppose 5*f - 19 = 5*t - t, 0 = 3*